[INFO] cloning repository https://github.com/gabipurcaru/dedo-rust
[INFO] running `Command { std: "git" "-c" "credential.helper=" "-c" "credential.helper=/workspace/cargo-home/bin/git-credential-null" "clone" "--bare" "https://github.com/gabipurcaru/dedo-rust" "/workspace/cache/git-repos/https%3A%2F%2Fgithub.com%2Fgabipurcaru%2Fdedo-rust", kill_on_drop: false }`
[INFO] [stderr] Cloning into bare repository '/workspace/cache/git-repos/https%3A%2F%2Fgithub.com%2Fgabipurcaru%2Fdedo-rust'...
[INFO] running `Command { std: "git" "rev-parse" "HEAD", kill_on_drop: false }`
[INFO] [stdout] 0d2355fbc082b6c519494781e511a510944ea9c1
[INFO] checking gabipurcaru/dedo-rust against master#cfbc6d4cf1acbac5c025acf8ed68929caa551df3 for pr-75494-beta
[INFO] running `Command { std: "git" "clone" "/workspace/cache/git-repos/https%3A%2F%2Fgithub.com%2Fgabipurcaru%2Fdedo-rust" "/workspace/builds/worker-4/source", kill_on_drop: false }`
[INFO] [stderr] Cloning into '/workspace/builds/worker-4/source'...
[INFO] [stderr] done.
[INFO] validating manifest of git repo https://github.com/gabipurcaru/dedo-rust on toolchain cfbc6d4cf1acbac5c025acf8ed68929caa551df3
[INFO] running `Command { std: "/workspace/cargo-home/bin/cargo" "+cfbc6d4cf1acbac5c025acf8ed68929caa551df3" "read-manifest" "--manifest-path" "Cargo.toml", kill_on_drop: false }`
[INFO] started tweaking git repo https://github.com/gabipurcaru/dedo-rust
[INFO] finished tweaking git repo https://github.com/gabipurcaru/dedo-rust
[INFO] tweaked toml for git repo https://github.com/gabipurcaru/dedo-rust written to /workspace/builds/worker-4/source/Cargo.toml
[INFO] crate git repo https://github.com/gabipurcaru/dedo-rust already has a lockfile, it will not be regenerated
[INFO] running `Command { std: "/workspace/cargo-home/bin/cargo" "+cfbc6d4cf1acbac5c025acf8ed68929caa551df3" "fetch" "--locked" "--manifest-path" "Cargo.toml", kill_on_drop: false }`
[INFO] [stderr]     Blocking waiting for file lock on package cache
[INFO] [stderr]  Downloading crates ...
[INFO] [stderr]   Downloaded ctor v0.1.12
[INFO] [stderr]   Downloaded queues v1.1.0
[INFO] [stderr]   Downloaded lalrpop v0.17.1
[INFO] [stderr]   Downloaded lalrpop-util v0.17.1
[INFO] running `Command { std: "docker" "create" "-v" "/var/lib/crater-agent-workspace/builds/worker-4/target:/opt/rustwide/target:rw,Z" "-v" "/var/lib/crater-agent-workspace/builds/worker-4/source:/opt/rustwide/workdir:ro,Z" "-v" "/var/lib/crater-agent-workspace/cargo-home:/opt/rustwide/cargo-home:ro,Z" "-v" "/var/lib/crater-agent-workspace/rustup-home:/opt/rustwide/rustup-home:ro,Z" "-e" "SOURCE_DIR=/opt/rustwide/workdir" "-e" "CARGO_TARGET_DIR=/opt/rustwide/target" "-e" "CARGO_HOME=/opt/rustwide/cargo-home" "-e" "RUSTUP_HOME=/opt/rustwide/rustup-home" "-w" "/opt/rustwide/workdir" "-m" "1610612736" "--user" "0:0" "--network" "none" "rustops/crates-build-env@sha256:a636fd89d022f18117e1dc8fb37a0a009933cdbbe082814857f0e2024962d47c" "/opt/rustwide/cargo-home/bin/cargo" "+cfbc6d4cf1acbac5c025acf8ed68929caa551df3" "metadata" "--no-deps" "--format-version=1", kill_on_drop: false }`
[INFO] [stdout] f76824284f8fc743538b7410045342f8a943a07254b4091e803422078a581f56
[INFO] [stderr] WARNING: Your kernel does not support swap limit capabilities or the cgroup is not mounted. Memory limited without swap.
[INFO] running `Command { std: "docker" "start" "-a" "f76824284f8fc743538b7410045342f8a943a07254b4091e803422078a581f56", kill_on_drop: false }`
[INFO] running `Command { std: "docker" "inspect" "f76824284f8fc743538b7410045342f8a943a07254b4091e803422078a581f56", kill_on_drop: false }`
[INFO] running `Command { std: "docker" "rm" "-f" "f76824284f8fc743538b7410045342f8a943a07254b4091e803422078a581f56", kill_on_drop: false }`
[INFO] [stdout] f76824284f8fc743538b7410045342f8a943a07254b4091e803422078a581f56
[INFO] running `Command { std: "docker" "create" "-v" "/var/lib/crater-agent-workspace/builds/worker-4/target:/opt/rustwide/target:rw,Z" "-v" "/var/lib/crater-agent-workspace/builds/worker-4/source:/opt/rustwide/workdir:ro,Z" "-v" "/var/lib/crater-agent-workspace/cargo-home:/opt/rustwide/cargo-home:ro,Z" "-v" "/var/lib/crater-agent-workspace/rustup-home:/opt/rustwide/rustup-home:ro,Z" "-e" "SOURCE_DIR=/opt/rustwide/workdir" "-e" "CARGO_TARGET_DIR=/opt/rustwide/target" "-e" "CARGO_INCREMENTAL=0" "-e" "RUST_BACKTRACE=full" "-e" "RUSTFLAGS=--cap-lints=forbid" "-e" "CARGO_HOME=/opt/rustwide/cargo-home" "-e" "RUSTUP_HOME=/opt/rustwide/rustup-home" "-w" "/opt/rustwide/workdir" "-m" "1610612736" "--user" "0:0" "--network" "none" "rustops/crates-build-env@sha256:a636fd89d022f18117e1dc8fb37a0a009933cdbbe082814857f0e2024962d47c" "/opt/rustwide/cargo-home/bin/cargo" "+cfbc6d4cf1acbac5c025acf8ed68929caa551df3" "check" "--frozen" "--all" "--all-targets" "--message-format=json", kill_on_drop: false }`
[INFO] [stdout] 012ef85ac3a8747a872810900ac86dfa90bbd06165c7ce46a962bea2630bdc9f
[INFO] [stderr] WARNING: Your kernel does not support swap limit capabilities or the cgroup is not mounted. Memory limited without swap.
[INFO] running `Command { std: "docker" "start" "-a" "012ef85ac3a8747a872810900ac86dfa90bbd06165c7ce46a962bea2630bdc9f", kill_on_drop: false }`
[INFO] [stderr]    Compiling autocfg v0.1.5
[INFO] [stderr]    Compiling rand_core v0.4.0
[INFO] [stderr]    Compiling libc v0.2.73
[INFO] [stderr]    Compiling proc-macro2 v0.4.30
[INFO] [stderr]    Compiling unicode-xid v0.1.0
[INFO] [stderr]    Compiling memchr v2.2.1
[INFO] [stderr]    Compiling byteorder v1.3.2
[INFO] [stderr]    Compiling typenum v1.10.0
[INFO] [stderr]    Compiling siphasher v0.2.3
[INFO] [stderr]    Compiling syn v0.15.39
[INFO] [stderr]    Compiling serde v1.0.97
[INFO] [stderr]    Compiling string_cache_shared v0.3.0
[INFO] [stderr]    Compiling regex v1.1.9
[INFO] [stderr]    Compiling lazy_static v1.3.0
[INFO] [stderr]    Compiling byte-tools v0.3.1
[INFO] [stderr]    Compiling ucd-util v0.1.3
[INFO] [stderr]    Compiling log v0.4.7
[INFO] [stderr]    Compiling utf8-ranges v1.0.3
[INFO] [stderr]    Compiling cfg-if v0.1.9
[INFO] [stderr]    Compiling either v1.5.2
[INFO] [stderr]    Compiling opaque-debug v0.2.2
[INFO] [stderr]    Compiling fake-simd v0.1.2
[INFO] [stderr]    Compiling bit-vec v0.5.1
[INFO] [stderr]    Compiling ordermap v0.3.5
[INFO] [stderr]    Compiling fixedbitset v0.1.9
[INFO] [stderr]    Compiling strsim v0.9.2
[INFO] [stderr]    Compiling new_debug_unreachable v1.0.3
[INFO] [stderr]    Compiling lalrpop-util v0.17.1
[INFO] [stderr]    Compiling diff v0.1.11
[INFO] [stderr]     Checking ansi_term v0.11.0
[INFO] [stderr]     Checking queues v1.1.0
[INFO] [stderr]    Compiling block-padding v0.1.4
[INFO] [stderr]    Compiling thread_local v0.3.6
[INFO] [stderr]    Compiling regex-syntax v0.6.8
[INFO] [stderr]    Compiling rand_core v0.3.1
[INFO] [stderr]    Compiling rand_jitter v0.1.4
[INFO] [stderr]    Compiling phf_shared v0.7.24
[INFO] [stderr]    Compiling itertools v0.8.0
[INFO] [stderr]    Compiling bit-set v0.5.1
[INFO] [stderr]    Compiling rand_isaac v0.1.1
[INFO] [stderr]    Compiling rand_xorshift v0.1.1
[INFO] [stderr]    Compiling rand_hc v0.1.0
[INFO] [stderr]    Compiling rand_pcg v0.1.2
[INFO] [stderr]    Compiling rand_chacha v0.1.1
[INFO] [stderr]    Compiling rand v0.6.5
[INFO] [stderr]     Checking pretty_assertions v0.6.1
[INFO] [stderr]    Compiling petgraph v0.4.13
[INFO] [stderr]    Compiling ena v0.13.0
[INFO] [stderr]     Checking aho-corasick v0.7.4
[INFO] [stderr]    Compiling quote v0.6.13
[INFO] [stderr]    Compiling rand_os v0.1.3
[INFO] [stderr]    Compiling dirs v1.0.5
[INFO] [stderr]    Compiling atty v0.2.13
[INFO] [stderr]    Compiling term v0.5.2
[INFO] [stderr]    Compiling generic-array v0.12.3
[INFO] [stderr]    Compiling ascii-canvas v2.0.0
[INFO] [stderr]    Compiling digest v0.8.1
[INFO] [stderr]    Compiling block-buffer v0.7.3
[INFO] [stderr]    Compiling sha2 v0.8.0
[INFO] [stderr]    Compiling phf_generator v0.7.24
[INFO] [stderr]    Compiling string_cache_codegen v0.4.2
[INFO] [stderr]    Compiling string_cache v0.7.3
[INFO] [stderr]    Compiling serde_derive v1.0.97
[INFO] [stderr]    Compiling docopt v1.1.0
[INFO] [stderr]    Compiling lalrpop v0.17.1
[INFO] [stderr]    Compiling dedo-rust v0.1.0 (/opt/rustwide/workdir)
[INFO] [stdout] error[E0554]: `#![feature]` may not be used on the beta release channel
[INFO] [stdout]  --> src/lib.rs:1:1
[INFO] [stdout]   |
[INFO] [stdout] 1 | #![feature(test)]
[INFO] [stdout]   | ^^^^^^^^^^^^^^^^^
[INFO] [stdout] 
[INFO] [stdout] 
[INFO] [stdout] error[E0554]: `#![feature]` may not be used on the beta release channel
[INFO] [stdout]  --> src/lib.rs:2:1
[INFO] [stdout]   |
[INFO] [stdout] 2 | #![feature(box_patterns)]
[INFO] [stdout]   | ^^^^^^^^^^^^^^^^^^^^^^^^^
[INFO] [stdout] 
[INFO] [stdout] 
[INFO] [stdout] warning: unused imports: `Environment`, `Value`
[INFO] [stdout]  --> /opt/rustwide/target/debug/build/dedo-rust-fb6eb18243d14a56/out/language.rs:4:20
[INFO] [stdout]   |
[INFO] [stdout] 4 | use crate::types::{Value, Environment};
[INFO] [stdout]   |                    ^^^^^  ^^^^^^^^^^^
[INFO] [stdout]   |
[INFO] [stdout]   = note: `#[warn(unused_imports)]` on by default
[INFO] [stdout] 
[INFO] [stdout] 
[INFO] [stdout] warning: unnecessary parentheses around block return value
[INFO] [stdout]     --> /opt/rustwide/target/debug/build/dedo-rust-fb6eb18243d14a56/out/language.rs:1361:5
[INFO] [stdout]      |
[INFO] [stdout] 1361 |     (__0)
[INFO] [stdout]      |     ^^^^^ help: remove these parentheses
[INFO] [stdout]      |
[INFO] [stdout]      = note: `#[warn(unused_parens)]` on by default
[INFO] [stdout] 
[INFO] [stdout] 
[INFO] [stdout] warning: unnecessary parentheses around block return value
[INFO] [stdout]     --> /opt/rustwide/target/debug/build/dedo-rust-fb6eb18243d14a56/out/language.rs:1474:5
[INFO] [stdout]      |
[INFO] [stdout] 1474 |     (__0)
[INFO] [stdout]      |     ^^^^^ help: remove these parentheses
[INFO] [stdout] 
[INFO] [stdout] 
[INFO] [stdout] warning: unnecessary parentheses around block return value
[INFO] [stdout]     --> /opt/rustwide/target/debug/build/dedo-rust-fb6eb18243d14a56/out/language.rs:1514:5
[INFO] [stdout]      |
[INFO] [stdout] 1514 |     (__0)
[INFO] [stdout]      |     ^^^^^ help: remove these parentheses
[INFO] [stdout] 
[INFO] [stdout] 
[INFO] [stdout] warning: unnecessary parentheses around block return value
[INFO] [stdout]     --> /opt/rustwide/target/debug/build/dedo-rust-fb6eb18243d14a56/out/language.rs:1554:5
[INFO] [stdout]      |
[INFO] [stdout] 1554 |     (__0)
[INFO] [stdout]      |     ^^^^^ help: remove these parentheses
[INFO] [stdout] 
[INFO] [stdout] 
[INFO] [stdout] warning: unused imports: `Environment`, `Value`
[INFO] [stdout]  --> /opt/rustwide/target/debug/build/dedo-rust-fb6eb18243d14a56/out/language.rs:4:20
[INFO] [stdout]   |
[INFO] [stdout] 4 | use crate::types::{Value, Environment};
[INFO] [stdout]   |                    ^^^^^  ^^^^^^^^^^^
[INFO] [stdout] 
[INFO] [stdout] 
[INFO] [stdout] warning: unnecessary parentheses around block return value
[INFO] [stdout]     --> /opt/rustwide/target/debug/build/dedo-rust-fb6eb18243d14a56/out/language.rs:1361:5
[INFO] [stdout]      |
[INFO] [stdout] 1361 |     (__0)
[INFO] [stdout]      |     ^^^^^ help: remove these parentheses
[INFO] [stdout] 
[INFO] [stdout] 
[INFO] [stdout] error[E0554]: `#![feature]` may not be used on the beta release channel
[INFO] [stdout]  --> src/lib.rs:1:1
[INFO] [stdout]   |
[INFO] [stdout] 1 | #![feature(test)]
[INFO] [stdout]   | ^^^^^^^^^^^^^^^^^
[INFO] [stdout] 
[INFO] [stdout] 
[INFO] [stdout] error[E0554]: `#![feature]` may not be used on the beta release channel
[INFO] [stdout]  --> src/lib.rs:2:1
[INFO] [stdout]   |
[INFO] [stdout] 2 | #![feature(box_patterns)]
[INFO] [stdout]   | ^^^^^^^^^^^^^^^^^^^^^^^^^
[INFO] [stdout] 
[INFO] [stdout] 
[INFO] [stdout] warning: unused imports: `Environment`, `Value`
[INFO] [stdout]  --> /opt/rustwide/target/debug/build/dedo-rust-fb6eb18243d14a56/out/language.rs:4:20
[INFO] [stdout]   |
[INFO] [stdout] 4 | use crate::types::{Value, Environment};
[INFO] [stdout]   |                    ^^^^^  ^^^^^^^^^^^
[INFO] [stdout]   |
[INFO] [stdout]   = note: `#[warn(unused_imports)]` on by default
[INFO] [stdout] 
[INFO] [stdout] 
[INFO] [stdout] warning: unnecessary parentheses around block return value
[INFO] [stdout]     --> /opt/rustwide/target/debug/build/dedo-rust-fb6eb18243d14a56/out/language.rs:1361:5
[INFO] [stdout]      |
[INFO] [stdout] 1361 |     (__0)
[INFO] [stdout]      |     ^^^^^ help: remove these parentheses
[INFO] [stdout]      |
[INFO] [stdout]      = note: `#[warn(unused_parens)]` on by default
[INFO] [stdout] 
[INFO] [stdout] 
[INFO] [stdout] warning: unnecessary parentheses around block return value
[INFO] [stdout]     --> /opt/rustwide/target/debug/build/dedo-rust-fb6eb18243d14a56/out/language.rs:1474:5
[INFO] [stdout]      |
[INFO] [stdout] 1474 |     (__0)
[INFO] [stdout]      |     ^^^^^ help: remove these parentheses
[INFO] [stdout] 
[INFO] [stdout] 
[INFO] [stdout] warning: unnecessary parentheses around block return value
[INFO] [stdout]     --> /opt/rustwide/target/debug/build/dedo-rust-fb6eb18243d14a56/out/language.rs:1514:5
[INFO] [stdout]      |
[INFO] [stdout] 1514 |     (__0)
[INFO] [stdout]      |     ^^^^^ help: remove these parentheses
[INFO] [stdout] 
[INFO] [stdout] 
[INFO] [stdout] warning: unnecessary parentheses around block return value
[INFO] [stdout]     --> /opt/rustwide/target/debug/build/dedo-rust-fb6eb18243d14a56/out/language.rs:1554:5
[INFO] [stdout]      |
[INFO] [stdout] 1554 |     (__0)
[INFO] [stdout]      |     ^^^^^ help: remove these parentheses
[INFO] [stdout] 
[INFO] [stdout] 
[INFO] [stdout] warning: unused imports: `Environment`, `Value`
[INFO] [stdout]  --> /opt/rustwide/target/debug/build/dedo-rust-fb6eb18243d14a56/out/language.rs:4:20
[INFO] [stdout]   |
[INFO] [stdout] 4 | use crate::types::{Value, Environment};
[INFO] [stdout]   |                    ^^^^^  ^^^^^^^^^^^
[INFO] [stdout] 
[INFO] [stdout] 
[INFO] [stdout] warning: unnecessary parentheses around block return value
[INFO] [stdout]     --> /opt/rustwide/target/debug/build/dedo-rust-fb6eb18243d14a56/out/language.rs:1361:5
[INFO] [stdout]      |
[INFO] [stdout] 1361 |     (__0)
[INFO] [stdout]      |     ^^^^^ help: remove these parentheses
[INFO] [stdout] 
[INFO] [stdout] 
[INFO] [stdout] error: aborting due to 2 previous errors; 7 warnings emitted
[INFO] [stdout] 
[INFO] [stdout] 
[INFO] [stdout] For more information about this error, try `rustc --explain E0554`.
[INFO] [stdout] 
[INFO] [stderr] error: could not compile `dedo-rust`.
[INFO] [stderr] 
[INFO] [stderr] To learn more, run the command again with --verbose.
[INFO] [stderr] warning: build failed, waiting for other jobs to finish...
[INFO] [stdout] error: aborting due to 2 previous errors; 7 warnings emitted
[INFO] [stdout] 
[INFO] [stdout] 
[INFO] [stdout] For more information about this error, try `rustc --explain E0554`.
[INFO] [stdout] 
[INFO] [stderr] error: build failed
[INFO] running `Command { std: "docker" "inspect" "012ef85ac3a8747a872810900ac86dfa90bbd06165c7ce46a962bea2630bdc9f", kill_on_drop: false }`
[INFO] running `Command { std: "docker" "rm" "-f" "012ef85ac3a8747a872810900ac86dfa90bbd06165c7ce46a962bea2630bdc9f", kill_on_drop: false }`
[INFO] [stdout] 012ef85ac3a8747a872810900ac86dfa90bbd06165c7ce46a962bea2630bdc9f
